ighest common factor of 50285 and 105729241.
10057
Calculate the highest common divisor of 552 and 81790728.
24
What is the greatest common divisor of 9375 and 12353125?
3125
What is the greatest common divisor of 92 and 597620684?
92
What is the greatest common factor of 327679 and 176?
11
What is the highest common divisor of 218254 and 63829?
2059
What is the greatest common factor of 3670893776 and 7888?
7888
What is the greatest common factor of 2359886 and 119261?
239
Calculate the highest common factor of 179753056 and 224.
224
Calculate the highest common divisor of 6780870 and 4248.
1062
Calculate the highest common factor of 209904 and 600.
24
Calculate the highest common divisor of 1403963 and 24055.
283
What is the highest common divisor of 65622195 and 1395?
1395
Calculate the highest common divisor of 689037 and 106355.
239
What is the greatest common divisor of 1124 and 205078577?
281
What is the greatest common divisor of 24467304 and 30?
6
What is the greatest common factor of 491746 and 11289?
71
Calculate the greatest common divisor of 139351 and 86305.
421
Calculate the highest common divisor of 105 and 4237005.
15
What is the highest common factor of 184 and 19346174?
46
What is the highest common divisor of 3052 and 3146668?
28
What is the greatest common factor of 128437 and 695?
1
Calculate the highest common divisor of 21222 and 1044.
18
Calculate the greatest common divisor of 6177 and 43611679.
2059
What is the greatest common divisor of 1874522 and 1291966?
442
What is the highest common factor of 962 and 2618786?
74
What is the greatest common factor of 8753688 and 144?
72
What is the greatest common divisor of 43452 and 245718?
306
What is the highest common divisor of 33107520 and 2880?
960
Calculate the greatest common factor of 14933 and 18819286.
109
What is the greatest common divisor of 1898780 and 364060?
2180
Calculate the greatest common divisor of 72 and 378700236.
36
What is the highest common divisor of 31 and 1102343694?
31
Calculate the greatest common divisor of 21629802 and 34.
2
What is the greatest common factor of 8231821 and 1273?
67
What is the highest common factor of 680 and 711821280?
680
What is the greatest common factor of 90890 and 112346?
298
Calculate the highest common factor of 47808 and 682758.
1494
Calculate the greatest common factor of 359269 and 151749.
1297
What is the greatest common factor of 368280195 and 4260?
1065
What is the greatest common factor of 3574 and 364197748?
3574
What is the highest common divisor of 2321 and 226413?
11
What is the greatest common divisor of 80322929 and 3?
1
What is the highest common factor of 142004 and 96547?
131
What is the greatest common divisor of 156 and 138186360?
156
What is the greatest common divisor of 784701 and 6651?
9
Calculate the greatest common factor of 263583 and 48051.
9
Calculate the highest common factor of 198 and 301960758.
66
What is the highest common divisor of 72300813 and 663?
663
What is the highest common divisor of 563814212 and 53?
53
Calculate the greatest common factor of 505644 and 1138308.
348
Calculate the highest common factor of 406741 and 45473.
37
Calculate the greatest common factor of 24436448 and 65160.
1448
What is the highest common divisor of 1128 and 6840?
24
What is the highest common divisor of 14419602 and 712?
178
Calculate the highest common factor of 11106690 and 1890.
210
Calculate the greatest common divisor of 14818 and 5418608.
478
What is the greatest common divisor of 1666 and 7381332?
238
Calculate the highest common divisor of 568 and 2095211704.
568
Calculate the greatest common factor of 589931 and 44042.
1159
Calculate the greatest common divisor of 104531 and 3111955.
959
What is the greatest common divisor of 1954 and 239599480?
1954
Calculate the greatest common divisor of 31502 and 140752.
38
What is the greatest common divisor of 5 and 1059896?
1
What is the highest common divisor of 5511 and 40791921?
501
Calculate the greatest common divisor of 34 and 68007463.
17
Calculate the highest common divisor of 5971 and 1028988401.
5971
Calculate the greatest common factor of 3388 and 80344.
484
Calculate the highest common divisor of 713225 and 19975.
1175
What is the greatest common factor of 4851220 and 31680?
220
What is the highest common divisor of 385 and 113071?
7
Calculate the highest common divisor of 1490023 and 22087.
1699
Calculate the highest common factor of 5123 and 5983429.
47
What is the highest common factor of 292264 and 11900?
476
Calculate the greatest common factor of 382 and 4877567.
191
What is the highest common divisor of 169377 and 455611?
1313
What is the greatest common divisor of 59 and 2148?
1
Calculate the highest common factor of 2955027973 and 13817.
13817
What is the greatest common divisor of 276051 and 4332?
57
Calculate the highest common divisor of 128680630 and 598.
598
What is the highest common divisor of 162541 and 65135011?
4393
Calculate the greatest common factor of 147854 and 32627.
413
Calculate the greatest common factor of 471450 and 987.
21
Calculate the greatest common factor of 16994 and 18584404.
586
What is the greatest common divisor of 8409 and 42?
3
Calculate the greatest common divisor of 204098861 and 39944.
4993
Calculate the greatest common factor of 1058 and 24154738.
46
What is the greatest common factor of 1086 and 30104463?
543
What is the greatest common divisor of 335142 and 7976844?
774
What is the greatest common factor of 275180427 and 3396?
849
Calculate the greatest common factor of 7524356 and 115360.
2884
What is the greatest common divisor of 36567740 and 1436?
1436
What is the highest common divisor of 4174651 and 325?
13
Calculate the highest common divisor of 273680 and 36698.
622
Calculate the highest common factor of 210216 and 1055229.
1383
What is the greatest common factor of 86 and 60716731?
43
Calculate the highest common divisor of 708092 and 35728.
308
What is the highest common divisor of 137888 and 3531712?
4448
What is the greatest common divisor of 341468 and 236?
4
Calculate the greatest common divisor of 2143332 and 5220.
1044
What is the highest common factor of 60890751 and 648?
27
Calculate the greatest common divisor of 4557 and 360871.
217
Calculate the highest common factor of 10517096 and 3569.
83
What is the greatest common factor of 25055856 and 280?
56
Calculate the greatest common factor of 15 and 1044345.
15
Calculate the highest common factor of 2469120 and 528.
48
Calculate the greatest common divisor of 6804 and 117516.
84
What is the greatest common divisor of 148 and 2921150?
74
Calculate the highest common divisor of 38507 and 791.
7
Calculate the highest common factor of 4096275 and 30.
15
Calculate the greatest common factor of 99051 and 383052.
411
Calculate the highest common divisor of 34536299 and 4543.
413
What is the highest common factor of 942452 and 258020?
2716
What is the highest common factor of 56 and 15361768?
8
Calculate the highest common factor of 159 and 7989061.
53
Calculate the greatest common factor of 7538949 and 36.
9
Calculate the highest common factor of 309 and 25731357.
309
What is the highest common divisor of 630 and 1211238?
126
Calculate the highest common factor of 10995519 and 702873.
8079
What is the greatest common divisor of 1788563 and 9259?
197
Calculate the greatest common divisor of 291923692 and 1954.
1954
What is the greatest common factor of 5765936 and 7568?
176
Calculate the highest common factor of 148 and 4754924.
4
Calculate the greatest common divisor of 5196406 and 1240.
62
Calculate the greatest common divisor of 8946 and 409282482.
2982
What is the highest common factor of 25992 and 58545897?
1083
Calculate the greatest common divisor of 121 and 4738844.
121
Calculate the highest common divisor of 1610 and 19515615.
805
Calculate the highest common factor of 77 and 167179397.
77
What is the greatest common divisor of 6 and 581004888?
6
What is the highest common divisor of 42578 and 1460216?
698
What is the greatest common divisor of 1102 and 1689308?
58
What is the greatest common factor of 234 and 2239956?
18
What is the greatest common divisor of 1318718 and 2778010?
6694
What is the highest common facto